 j?
1
Let f = -8 + 7. What is the tens digit of 1/f - (-8 - 7)?
1
Let i be ((-2)/4)/((-6)/12). Let j(d) = -4*d - i + 0*d + 0*d - 1. What is the tens digit of j(-5)?
1
Let v be (0/(-3))/(-2 + 4). Suppose 0*w - 3*w = 2*d - 27, v = 5*w + 15. What is the units digit of d?
8
Suppose 0 = -17*i + 16*i + 107. What is the units digit of i?
7
Let h(p) = -p**2 + 12*p - 15. Let q be h(10). Suppose 0 = q*z - 125. What is the tens digit of z?
2
Suppose -3*w = -r - 0*r - 12, -5*w = r - 20. Suppose r = -c - 4, 4*h + 3*c - 84 = 7*c. What is the units digit of h?
7
Suppose -4 = -x + 48. What is the tens digit of x?
5
Suppose -m = -3*m - 12. Let v be m - -8 - 2*-1. Suppose -4 = v*c - 52. What is the tens digit of c?
1
Let d be 11 - 7 - (2 - 0). Let a = d - -4. What is the units digit of a?
6
What is the hundreds digit of 3*(-2 - 348/(-9))?
1
Let j = -8 - 1. Let w = j - -17. What is the tens digit of (11/4)/(2/w)?
1
Let q = -6 + 1. Let l be q/2*12/(-10). Suppose 4*d - 23 = -5*t, -l*d + 6*d - 3*t = 51. What is the tens digit of d?
1
Let u(t) = 2*t**3 + 2*t**2 - 2*t + 5. What is the tens digit of u(3)?
7
Let j = -7 - -10. Suppose 2*z - z = 1, 7 = j*n + 4*z. What is the units digit of n?
1
Let g be (2/5)/(1/25). Let s(a) = -a**3 + 4*a**2 + 3*a + 7. Let y be s(5). Let w = g + y. What is the units digit of w?
7
Let o(y) = -y - 1. Let m be 3 - (0 + 1 + -2). Let p be (-8)/6 + m/(-6). What is the units digit of o(p)?
1
Let b = -49 + 75. What is the units digit of b?
6
Let a(i) = -i**3 + 7*i**2 - i + 9. Let z be a(7). Let c(m) = -m - z*m**3 + m - 1. What is the units digit of c(-1)?
1
Suppose -4*g - 8 = -4*k, 2*g = -3*k - 2 + 3. Suppose 5*m + p + 3*p = 22, 2*m + 4*p - 16 = 0. Let f = m + g. What is the units digit of f?
1
Suppose -5*t = -10 - 10. Suppose -2*u + 0 = -t. Suppose -5*z + u*y + 42 = -z, -2*y + 62 = 4*z. What is the units digit of z?
3
Suppose 0 = 4*n - 97 - 31. Suppose 0*z - n = -4*z. What is the units digit of z?
8
Let d be 16/8 + (1 - -2). Suppose 0 = -3*i - 4*o + 41, 4*i = i - d*o + 40. What is the tens digit of i?
1
Suppose -8*m = -5 - 59. What is the units digit of m?
8
Let i = 5 + 31. Suppose -i = -6*h + 3*h + 3*v, -4*h = -3*v - 44. Suppose 0 = 5*j - 3*j - h. What is the units digit of j?
4
Let t = -2 + -1. Let h be (2 - (1 - 2)) + t. Suppose 0 = -4*n - 2*b + 42, 3*b + h - 15 = 0. What is the units digit of n?
8
Let y(a) = a**2 + a + 3. Suppose k = -4*k. What is the units digit of y(k)?
3
Suppose -4*s = -0*s + 4. What is the units digit of (-14)/(-7) - (-1 - s)?
2
Suppose -5*p + 36 + 169 = 0. Let i = p + 6. What is the units digit of i?
7
Suppose 0 = -t + 2*r + 17, 2*t + r = 4*t - 40. What is the tens digit of t?
2
Suppose 0 = -o + 4*o - 12. Suppose 3*y + 70 = o*g, -3*g + 5*y - y + 49 = 0. What is the tens digit of g?
1
Suppose -2 = -x - 0*x. Let h be 5/2 - (-6)/(-12). Suppose x*v = 4*v - h. What is the units digit of v?
1
Let b = 55 + 103. What is the tens digit of b?
5
Let a = -8 - -13. Let v(g) = -g**3 + 4*g**2 + 7*g - 3. Let n be v(a). Let z = 15 - n. What is the units digit of z?
8
Suppose -2*s = i + 5, -2*i + 25 = -0*s - 3*s. Suppose 1 = -j + i. Suppose -4*k + 0*k - 3*b + 15 = 0, 3*k + j*b - 6 = 0. What is the units digit of k?
6
Suppose -7*w + 15 = -2*w. Let n = w - 2. What is the units digit of n?
1
Let o(r) = 17*r**3 - 2*r**2 + 2*r - 1. Suppose 5*i = -5*x + 8 + 7, 3*x - 5*i + 7 = 0. What is the units digit of o(x)?
6
Suppose 1 = -3*g + 13. Suppose 3*m = g*r - m - 64, 4*m + 32 = 2*r. What is the units digit of r?
6
Let h = 14 - 6. Suppose 3*w - h = 13. What is the units digit of w?
7
Suppose -5*t = -2*v - 5, 0*t + 3*v = 2*t + 9. Suppose -6*f + 42 = -t*f. What is the units digit of f?
4
Let o(v) = v**3 - 3*v**2 - v - 1. Let q be o(3). Let s = 8 + q. What is the units digit of s?
4
Suppose 3*g + i - 165 = 3*i, 6 = -2*i. What is the tens digit of g?
5
Suppose 3*h + 3*k - 9 = 0, 0*h = -h - 3*k + 1. Suppose 3*o = -2*t + 9, -o = -h*t - 6*o + 17. What is the units digit of t?
3
Suppose 0 = -4*w - 3*t - t + 120, -w + 38 = 3*t. What is the tens digit of w?
2
Suppose -5*a + 92 = -283. What is the units digit of a?
5
Let g(w) = w**3 - 3*w**2 - 3*w - 2. Suppose r = -4*r + 20. Let s be g(r). What is the units digit of 1 - 2 - (-2 - s)?
3
Let v(f) = -5*f + 9. What is the units digit of v(-10)?
9
Let o(q) = 5*q - 2. What is the units digit of o(3)?
3
Let d be (-3)/(-6)*1*-62. Let m(j) = -12*j - 56. Let k be m(-9). Let n = k + d. What is the tens digit of n?
2
Let y = -129 - -205. What is the units digit of y?
6
Suppose -3*h + b + 0*b = -1, 0 = 5*h + 2*b + 2. Let z = h + 4. Suppose 0 = z*f - 10 - 6. What is the units digit of f?
4
Suppose 3*j - r + 2 = 0, -6 = -3*j + 6*j - 3*r. Let d(f) be the first derivative of f**2/2 + 6*f - 1. What is the units digit of d(j)?
6
Let a(x) = x**2 + x + 6. Let g be a(5). Suppose -5*z + 5*m + 40 = 0, z + 2*m = 5*m + 6. Suppose 2*t + 2*q - z = t, 4*t - g = -q. What is the units digit of t?
9
Suppose 75 = 2*c + 3*c. What is the tens digit of c*(-4)/(-6) - -2?
1
Suppose -2*n - 252 = 2*n. What is the units digit of (n/35)/((-3)/10)?
6
Let l = -1 + 11. Let j = 17 - l. What is the units digit of j?
7
Let z be (15/(-2))/(1/(-2)). Let o = z - 5. What is the units digit of o?
0
Suppose -12*c + 676 + 968 = 0. What is the units digit of c?
7
Let t = -1 + -20. Let l = t + 31. Let z = l - 2. What is the units digit of z?
8
Suppose -2*m + 3*z + 21 = 0, -m - 5*z + z - 17 = 0. Let s be 2 - 2 - (m + 0). What is the units digit of (s/(-9))/(3/18)?
2
Let k = 240 - 153. What is the units digit of k?
7
Let z be 1 - (6/(-3) + 1). Suppose 2*c - z*l = -2*c - 6, -4*l + 16 = -4*c. Suppose 3*d - 2 = c. What is the units digit of d?
1
What is the tens digit of 0 + 2 + 4/(-1) + 200?
9
Let u = 15 + -1. Let i = u - 2. What is the units digit of i?
2
Let v = 97 + -51. What is the tens digit of v?
4
What is the hundreds digit of -10*(78/(-15))/(20/75)?
1
Let q be -2 - -34*1*-1. What is the units digit of -20*(2 + q/15)?
8
Suppose d + 11 = 5*f, -4 - 15 = -3*d + 2*f. Let z = -3 - -3. Let m = d - z. What is the units digit of m?
9
Suppose -2*d - 124 = -p, -2*p = 2*p - d - 531. What is the hundreds digit of p?
1
Suppose -16 = 2*x - 3*x - s, -x - 2*s + 21 = 0. Suppose -x = -2*a + a - t, -4*t = -a + 31. What is the tens digit of a?
1
Let a = 13 + 2. What is the units digit of a?
5
Suppose 3*m - 12 = m. What is the units digit of m?
6
Suppose 0 = -2*b - 4*c + 12, -4*c - 9 = -3*b - c. Suppose 0 = -4*t + 2*x + b, -t + 4*t = -x + 8. What is the units digit of 3/1 + (15 - t)?
6
Let j = 819 + -445. What is the hundreds digit of j?
3
Let u be (-2)/(2*-1) - -1. Let s(x) = 166*x. Let d be s(u). What is the units digit of d/36 + (-4)/18?
9
Suppose -4*b - 28 = -4*n, 0 = 4*n + 3*b - 5*b - 22. Let j = 15 - n. Let k = 16 - j. What is the units digit of k?
5
Suppose 29 = 5*z - 6. What is the units digit of z?
7
Suppose 4*o - 160 = r, -2*o + 69 = -2*r - 11. What is the units digit of o?
0
Let o = 51 - 33. What is the tens digit of o?
1
Suppose -2*o = 2*o - 12. Let u be (-1)/o + (-14)/(-6). Suppose 7*z - 20 = u*z. What is the units digit of z?
4
Let y(q) = q**3 - 9*q**2 + 11*q - 19. What is the units digit of y(8)?
5
Let b = 102 - 9. What is the units digit of b?
3
Suppose -5*k + 2*u + 14 = 0, -k - 2*u - u = 4. Suppose -4*m - 72 = -2*d - 28, k*m - 66 = -3*d. Suppose -d = -4*g + 10. What is the units digit of g?
8
Let c(r) = 3*r**3 + r**2 - 7*r - 3. Let b be c(-3). Let u = 84 + b. What is the tens digit of u?
3
Let z(h) = h**3 - h + 1. Let b(u) = 46*u**3 + 2*u - 1. Let l(s) = -b(s) - 2*z(s). What is the units digit of l(-1)?
7
Suppose 0 = 6*f - 9*f + 930. What is the hundreds digit of f?
3
Suppose 64 = -i + 2*i. What is the units digit of i?
4
Let u(o) = -2*o - 2. Let d be u(-5). Let w(m) = -m + d - 5*m**2 + 4*m**2 - 4*m. What is the units digit of w(-6)?
2
Suppose -3*x - d + 16 = 0, d + 24 = 2*x + 5*d. Suppose x*c = -a - 2*a + 48, -5*c + 4*a = -60. What is the tens digit of c?
1
Let z = 91 - 58. What is the tens digit of z?
3
Let k(f) = -21*f**3 - f**2 - f. Let l be k(-1). Let a = l - 13. Suppose -i - 2 = -a. What is the units digit of i?
6
Let b(r) = r - 1. Let y(j) = j**3 + 7*j**2 - 9*j - 8. Let m be y(-8). Let a be b(m). What is the units digit of a/(((-2)/7)/2)?
7
Let u = -13